se 11?
-37053
What is 213120100 (base 4) in base 3?
22012020221
1350340 (base 6) to base 13
28b30
Convert b315c (base 16) to base 10.
733532
1110101011011011 (base 2) to base 15
12c33
Convert -95753 (base 13) to base 2.
-1000001101111100101
219b19 (base 13) to base 14
168cc9
Convert 20702551 (base 9) to base 5.
10023344230
What is 132343014 (base 5) in base 15?
d3124
Convert 777080 (base 11) to base 3.
2022221221010
What is -64150 (base 10) in base 7?
-355012
Convert 15322130 (base 6) to base 16.
83be6
Convert 48a2751 (base 12) to base 9.
28551277
8812012 (base 9) to base 4
102003100232
-3004001 (base 7) to base 2
-1010110100000010000
20000002021 (base 3) to base 6
2311011
Convert 2034664 (base 7) to base 3.
110101222221
What is -10101100111010111 (base 2) in base 16?
-159d7
15539b (base 12) to base 13
c8834
What is -12510052 (base 7) in base 16?
-1179e2
Convert -11100111011011101100 (base 2) to base 15.
-13ad18
1022152 (base 7) to base 5
12420343
Convert -333849 (base 10) to base 6.
-11053333
6123494 (base 10) to base 3
102112002212002
-24038 (base 9) to base 12
-9375
What is 2514225 (base 6) in base 2?
100000110100101001
Convert 1442532 (base 6) to base 15.
19b6b
-1547b61 (base 13) to base 14
-c9577d
216c83 (base 14) to base 10
1132995
28ba6c (base 14) to base 10
1415216
What is 40585 (base 14) in base 7?
1213125
What is 1c028 (base 15) in base 9?
148042
What is -a3dd (base 16) in base 8?
-121735
Convert 103033031 (base 4) to base 13.
29b34
Convert -41c6c6 (base 14) to base 3.
-11011222202000
Convert 5367103 (base 8) to base 9.
2630475
What is -46bc26 (base 13) in base 8?
-6326515
What is 49d630 (base 14) in base 9?
4681807
5325630 (base 7) to base 16
9d97a
10155c2 (base 13) to base 10
4867358
Convert 1034256 (base 7) to base 4.
132312123
What is b5524 (base 15) in base 7?
4613056
What is -10000011010101000001 (base 2) in base 14?
-10006d
What is 1bb664 (base 15) in base 3?
2112211110111
-100100000001101 (base 2) to base 13
-851b
Convert 30330202130 (base 4) to base 2.
1100111100100010011100
What is -27b45 (base 14) in base 7?
-556315
-20201011120 (base 3) to base 13
-48165
2100201002 (base 3) to base 7
252254
What is 1002124 (base 8) in base 7?
2144333
210985 (base 13) to base 16
bcaa9
What is 5477d (base 15) in base 12?
10b33a
Convert 41200 (base 5) to base 8.
5163
9b8e (base 16) to base 4
21232032
What is -2521024 (base 6) in base 8?
-407550
-114352 (base 6) to base 15
-2ebb
Convert -41975 (base 12) to base 8.
-250051
What is -a14cd (base 14) in base 3?
-201201001112
35655456 (base 8) to base 5
4000302001
21321232232 (base 4) to base 9
4785635
Convert 1448260 (base 9) to base 4.
3003102321
What is -10221031430 (base 5) in base 14?
-15d1041
Convert -10110010100000101011 (base 2) to base 4.
-2302200223
11012211101122 (base 3) to base 5
1033144004
What is 412312200 (base 5) in base 11?
a49930
What is -1ab9124 (base 13) in base 6?
-514110442
What is -2460650 (base 7) in base 3?
-121010012102
190836 (base 10) to base 3
100200210000
What is -71b222 (base 12) in base 5?
-424010012
Convert -25225 (base 15) to base 13.
-41cab
Convert 230312033 (base 5) to base 6.
33553301
What is -718070 (base 10) in base 16?
-af4f6
Convert 13000132221 (base 4) to base 9.
3408756
24235110 (base 8) to base 5
2330321321
-124113112 (base 5) to base 16
-95c9c
What is 100101000101110101011100 (base 2) in base 15?
cc0e53
What is 63798 (base 11) in base 13?
3330c
What is -75572 (base 15) in base 9?
-626848
What is 13a012 (base 16) in base 11?
7a9349
6600616 (base 9) to base 4
31201012101
What is 90514 (base 10) in base 8?
260622
1909ca (base 14) to base 10
885510
2725406 (base 8) to base 15
101888
Convert -2444041 (base 7) to base 11.
-1a4619
Convert -2035040 (base 9) to base 8.
-4111446
What is -200220010220012 (base 3) in base 5?
-10032304140
-572002 (base 9) to base 6
-11202132
-26c5c2 (base 14) to base 7
-14251232
What is 1636502 (base 11) in base 5?
1203243013
11000010 (base 4) to base 7
113502
162207 (base 8) to base 11
3aa55
Convert -1a74045 (base 11) to base 16.
-35408b
What is -104b300 (base 13) in base 3?
-100100021200211
What is -a847d3 (base 16) in base 8?
-52043723
-10230250 (base 7) to base 15
-12122d
What is 151727 (base 8) in base 14?
15a99
What is 10011010100011010111111 (base 2) in base 13?
108419c
Convert 2555539 (base 10) to base 14.
4a7467
Convert 22110321 (base 5) to base 8.
565550
Convert 2301752 (base 9) to base 12.
4ba478
What is -12266446 (base 7) in base 8?
-4166235
Convert 268176 (base 12) to base 11.
3a4a38
What is 100011010001100011 (base 2) in base 10?
144483
-341ba5 (base 13) to base 3
-2022121102021
-133162 (base 7) to base 6
-312204
-282a26 (base 11) to base 12
-194536
Convert -102121012122201 (base 3) to base 13.
-137b093
-22222021222201 (base 3) to base 13
-cac978
Convert -2460462 (base 9) to base 8.
-5066710
What is -398837 (base 10) in base 8?
-1412765
What is d625 (base 15) in base 16?
b0cc
What is -1001111101101111011001 (base 2) in base 9?
-4821217
-5433533 (base 6) to base 2
-1000001101101000001
-2381194 (base 10) to base 12
-96a00a
11d6c (base 16) to base 2
10001110101101100
What is 114d46b (base 14) in base 15?
ad1a50
-2361c3 (base 13) to base 16
-cd833
6055550 (base 7) to base 12
2a8732
What is -3220657 (base 8) in base 15?
-11eecb
2c4826 (base 14) to base 9
2821113
What is 26ac62 (base 13) in base 2?
11100101000000101110
Convert 664353 (base 9) to base 4.
1200321003
What is -25a44a3 (base 11) in base 10?
-4500708
Convert -13046503 (base 9) to base 5.
-3120031233
Convert 4186ba0 (base 12) to base 4.
233030030220
-13731117 (base 8) to base 16
-2fb24f
Convert -1101012101112 (base 3) to base 15.
-e6e35
What is 10111010111011010001 (base 2) in base 10?
765649
-86b5 (base 15) to base 3
-1110010022
Convert -1da5c9 (base 16) to base 12.
-7984b5
What is b05b33 (base 12) in base 15?
3940b0
What is -1aab95 (base 15) in base 11?
-80a228
What is -21412440 (base 5) in base 8?
-552032
What is -1122022011012 (base 3) in base 11?
-546165
Convert -25c46 (base 15) to base 10.
-120891
What is 3811555 (base 9) in base 5?
1012340320
What is -20644651 (base 8) in base 10?
-4409769
-5a069 (base 13) to base 16
-283fe
What is 27b76 (base 12) in base 11?
38560
Convert 658347 (base 11) to base 13.
2aa254
What is 1111131213 (base 4) in base 6?
11300343
Convert -611366 (base 9) to base 15.
-7235c
Convert 9ca2c (base 13) to base 10.
285141
3a101b (base 13) to base 5
324323320
Convert 2140010 (base 6) to base 4.
121330212
Convert 31331421 (base 5) to base 9.
437620
-120001222210 (base 3) to base 5
-33443242
13023230 (base 4) to base 10
29420
-85b326 (base 12) to base 8
-10040416
Convert -1809234 (base 13) to base 11.
-445a293
-10d86d (base 15) to base 8
-3044441
-200102021102020 (base 3) to base 7
-146124012
What is -2862733 (base 9) in base 7?
-16254531
Convert -146a70 (base 13) to base 4.
-1322030110
-ba384 (base 14) to base 16
-6e0a0
What is -127130b (base 13) in base 15?
-790377
Convert 1000101102022 (base 3) to base 2.
10000011100110011100
Convert 150623 (base 7) to base 13.
10343
Convert -2002a0 (base 11) to base 3.
-121101022202
Convert 101000110111001110010 (base 2) to base 9.
2460671
21320142 (base 6) to base 12
266052
Convert -10002100221210 (base 3) to base 8.
-6204762
What is -2332234002 (base 5) in base 12?
-1961535
What is -b58288 (base 13) in base 14?
-7c7062
10221221221010 (base 3) to base 13
589353
What is 5441981 (base 11) in base 10?
9563082
What is 422132234 (base 5) in base 12?
707987
Convert -224413300 (base 5) to base 3.
-1220111100211
-309b6 (base 13) to base 15
-1ad38
Convert 3237444 (base 9) to base 15.
244c81
-8acbc (base 15) to base 16
-6bd1b
What is -10110011101000 (base 2) in base 10?
-11496
Convert cb50aa (base 13) to base 10.
4780812
Convert -47a720 (base 12) to base 7.
-12564255
What is -3146350 (base 8) in base 7?
-10062511
Convert 186e4c (base 15) to base 5.
301002342
What is -a35966 (base 14) in base 5?
-2402242222
43143422 (base 7) to base 12
129272b
Convert -3a3b (base 13) to base 11.
-6294
Convert -56864 (base 16) to base 2.
-1010110100001100100
-2a6df6 (base 16) to base 8
-12466766
What is -a1ba4 (base 16) in base 14?
-1335ac
Convert 53a28 (base 16) to base 15.
6b77d
Convert -12444353 (base 8) to base 3.
-1201221